83/156 - ((-11)/(-12) - 1)?
1
Let o(t) be the first derivative of -3*t**2/2 + 23*t + 29. Let m be o(6). Suppose -135 + 17 = -g - i, 2*g - m*i = 264. What is the hundreds digit of g?
1
Suppose -x + 184 = -7. Let d be 4*135 - (2 + -5). Suppose -x = 3*n - 4*s - 503, 0 = -5*n - s + d. What is the hundreds digit of n?
1
Let l = -172 + 176. Suppose 3*u = -k + 468, -u + 1880 = l*k + 3*u. What is the units digit of k?
1
Let l(v) = -v**3 - 12*v**2 + v - 3. Let a(w) = w**3 - 12*w**2 - 13*w + 42. Let u be a(13). Let p = u - 55. What is the hundreds digit of l(p)?
1
Let p(m) = -3*m + 18. Let x be p(6). Suppose 3 + x = -3*u. What is the units digit of 400/(-4)*u - (0 - 0)?
0
Suppose -23*n + 26*n - 1302 = 0. What is the tens digit of n?
3
Let z = -9358 + 19157. What is the tens digit of z?
9
Let f(l) = -3*l**2 + 13*l + 11. Let g be f(5). What is the units digit of (g/2)/(38882/4320 + -9)?
0
Let b(y) = 15*y**2 - 24*y + 50. Let x be b(-23). Suppose -12*r + 13111 = -x. Suppose 14*c = 3*c + r. What is the tens digit of c?
6
Let m be 2 + -10 + 150/25. What is the tens digit of -2 - -7 - (m*101 - 0)?
0
Let t = -83 + 87. Suppose f = t + 8. What is the units digit of ((-2262)/f + (-1)/(-2))/(-2)?
4
Let w(h) = -h**3 - 19*h**2 - 20*h - 18. Let p be w(-18). What is the units digit of p - -15 - (7 - 1)?
7
Let n(u) = 19*u**2 + 2*u - 2. Let c be n(-3). Suppose 3*v + 17*r = 19*r - 153, 156 = -3*v + r. Let w = c + v. What is the units digit of w?
0
Suppose -5*y - 463 + 478 = 0. Suppose 3*t = -w + 499, -3*w + 0*t + 1545 = -y*t. What is the units digit of w?
1
Let p = 4046 - -16615. What is the units digit of p?
1
Let y(d) = d + 27. Let f be y(-12). What is the units digit of (-65)/f - -4 - 1765/(-3)?
8
Suppose -5*h - 25 = 0, 22 = -0*b + 2*b - 2*h. Suppose -2*u - 5*s + 18 = 0, -u + 3*s + b = 2*u. Suppose 7*i - u*i - 354 = 0. What is the units digit of i?
8
Let m(u) = u**3 - 95*u**2 + 265*u - 377. What is the hundreds digit of m(95)?
7
Suppose -6050*d - 118435 = -6055*d. What is the tens digit of d?
8
Suppose -2*h - 5*g = 17, 3*h - 10*g + 14*g = -15. What is the units digit of 537 + (h - (-5 + (-12)/(-3)))?
7
Let f(b) = -b**2 + 23*b - 10. Let j be f(17). Suppose 0 = 87*o - j*o + 20. Suppose y - 78 - 156 = -3*v, o*v + 418 = 2*y. What is the units digit of y?
9
Suppose 12749 = 3*s - 4*k, 6*k - 4252 = -s + 5*k. Suppose -1069 = -8*b + s. What is the tens digit of b?
6
Let k be 236 + 3/(-12) + (-1)/(-4). Suppose -2*g - 611 = -5*s, -5*g - 263 = -4*s + k. What is the hundreds digit of s?
1
What is the hundreds digit of ((-128)/24)/((-4)/(-6)) - -3389?
3
Let m = -9294 + 19632. What is the hundreds digit of m?
3
Let h = -27 + 115. What is the units digit of 1797/(11/(h/12))?
8
Let w(o) be the third derivative of o**5/60 + o**4/3 - 13*o**3/6 + 25*o**2. Let g be w(-9). What is the units digit of 9/(g/(-6) + 188/(-336))?
4
Suppose 6135 = -68*h + 39727. What is the tens digit of h?
9
Let i be (-21)/6*(-2)/7. What is the units digit of (-588 + -19)*(i + -2)?
7
Let k(r) = -118*r**3 + 18*r**2 + 5*r + 6. What is the units digit of k(-4)?
6
Let c = -73 + 71. Let x be (-3)/c + (-72)/48. Suppose x = -5*h + 2*t + 660, -4*h = h - 5*t - 675. What is the hundreds digit of h?
1
Let q(b) = 419*b**2 + 15. What is the tens digit of q(-5)?
9
Suppose z - 14064 = 4*q, -48*q + 14072 = z - 50*q. What is the thousands digit of z?
4
Suppose -210*l = -211*l - 9. What is the tens digit of (-5)/(-2)*(222/30 - l)?
4
Suppose -3*d + 26588 = 6*c - 14950, -5*d = 3*c - 20776. What is the hundreds digit of c?
9
Let x(i) = -17 - 3 - 4 + 5 + 85*i. What is the units digit of x(5)?
6
Let z = -3391 - -7022. What is the units digit of z?
1
Let t = -1762 - -4790. Suppose -18*f + t = -3668. What is the tens digit of f?
7
Let d = 11719 - -51241. What is the thousands digit of d?
2
Let k = -8 - -11. Let n be ((-50)/5 - -5)*(185/(-25) - -6). Suppose -x = 5*y - 22, -y + k*x + 21 = n. What is the units digit of y?
5
Let n(j) = 2*j**3 + 9*j**2 + 5*j + 5. Let l be n(-4). Suppose -20 = 5*b + 3*f, -4*f - l = 4*b - b. What is the units digit of 3 + 23/b + 111/21?
5
Suppose 0*x = 7*x + 14. Let w(l) = -4*l - 2. Let m be w(x). What is the units digit of m/(-1 - (-70)/64)?
4
Let a be ((-6)/(-12))/((-1 - 1)/24). Let k be (-15)/a*(-4)/(-2). Suppose -k*y + 227 - 2 = 0. What is the tens digit of y?
4
Let z be (2326*1/(-2))/(-1). Suppose x - 227 = f, 12 = 5*x + 5*f - z. What is the units digit of x?
1
Let c = -3 + -13. Let m be (-4)/c*4 + -1 - -267. Suppose -11*l = -14*l + m. What is the tens digit of l?
8
Let s = 7 - 7. Suppose s = 3*w - 2*l - 12, -4*w = 4*l + 2 + 2. Suppose w*j + 23 = 3*j. What is the tens digit of j?
2
Let x(f) = -15*f + 47. Suppose -6*d = 61 + 29. What is the tens digit of x(d)?
7
Suppose 2*b - 53154 = -4*z, 20*b - 19*b - 26598 = z. What is the tens digit of b?
9
Suppose 4*l - 16415 = 2*d + 6595, -3*d + 28746 = 5*l. What is the tens digit of l?
5
Let u(y) = -85*y**3 + 3*y**2 + 7*y - 53. What is the hundreds digit of u(-6)?
3
Suppose -6*n + 11883 + 4485 = -52542. What is the ten thousands digit of n?
1
Let y(n) = 34*n - 80. Let b be 4/(-5)*(-4 + -196)/10. What is the tens digit of y(b)?
6
Let q be 3/(-3 - 41706/(-13900)). Suppose q = -46*w + 56*w. What is the hundreds digit of w?
6
Let r = 5126 + -3199. Let m = -1096 + r. What is the hundreds digit of m?
8
What is the units digit of (-15 + 17)/(30/591615)?
1
Let h be (1 - 1)/((-1)/(-1)*-1). Suppose h = -30*n + 22*n + 1352. What is the hundreds digit of n?
1
Let y = 80 + -78. Suppose -y = -3*h + 10. What is the hundreds digit of 4/22 - h/22*-956?
1
Suppose 76*b - 68*b = 0. Let f(k) = -k**2 - 14*k + 515. What is the units digit of f(b)?
5
Let b be 216/(-10) - (-4)/(-10). Let z be (11/b)/(1/(-258)). Suppose -w - z = -4*w. What is the units digit of w?
3
What is the hundreds digit of ((-7)/(21/(-6)))/((-10)/(-149940)*12)?
4
Let q(o) = -o - 2. Let g be q(-5). Let v(n) = 79*n - 746. Let i be v(10). Suppose g*w - i + 5 = 0. What is the units digit of w?
3
Let v(c) = c**3 - 5*c**2 + 5*c + 3. Let x be v(4). Let l(f) = 3*f**2 - 31*f + 4. Let d be l(-10). What is the units digit of (x - 5)*d/4?
7
Let z be (11/(33/(-342)))/(-2 + 3). What is the hundreds digit of (z - 1)*(-9)/5?
2
Let a be ((-12)/(-8))/(6/1136). Let j = a - 192. What is the units digit of j?
2
Suppose -441*f = -460*f + 98629. What is the hundreds digit of f?
1
Let c = -911 + 920. Suppose -4*q - 5 = -c*q, 0 = -b + 4*q + 681. What is the units digit of b?
5
Let d = 3082 + 325. What is the tens digit of d?
0
What is the thousands digit of (29 - 26) + 10 - -37841?
7
Suppose 0 = 43*y - 138 - 77. Suppose 0 = -6*t - 2*s + 3838, y*t + 2*s = -2*s + 3189. What is the units digit of t?
1
What is the hundreds digit of (13/2)/(24*34/328032)?
6
Let u(o) = 6194*o**2 + 16*o + 12. What is the units digit of u(-1)?
0
Let z(r) = -3*r**3 - 57*r**2 + 3*r + 26. What is the tens digit of z(-22)?
1
Suppose f + 2*q - 7538 = -0*q, -f + 5*q = -7538. What is the tens digit of f?
3
Let h(i) = 1407*i - 2277. What is the hundreds digit of h(11)?
2
Let a be ((-10 - -4) + -7)*20. Let n = 601 + a. What is the hundreds digit of n?
3
What is the hundreds digit of ((-18280)/50)/(7/(1470/(-12)))?
3
Let y = -22 - -35. Suppose 12 = 5*n - y. Suppose -5*d + 193 = n*q - 87, 206 = 4*q - 2*d. What is the units digit of q?
3
Let j = -1899 + 3904. What is the thousands digit of j?
2
Suppose 23499 = 4*j - i - 34581, -29062 = -2*j - 5*i. What is the ten thousands digit of j?
1
Suppose -9 - 16 = -3*h - 2*m, -3*h - m = -20. Suppose -16*c = h*z - 18*c - 3690, -2*z - 3*c = -1476. What is the hundreds digit of z?
7
Let c(r) = 2514*r - 547. What is the thousands digit of c(8)?
9
Let a be (-69)/759 - 112/(-22). Suppose 4*b = -21*c + 16*c + 6125, a*b = -c + 1246. What is the thousands digit of c?
1
Suppose -2 = 11*b - 24. What is the tens digit of (b/6)/((-2)/(-348))?
5
Let h(k) = -2*k**3 - k. Let u be h(-2). Suppose 3*w + 2*j - 19 = 0, -2*w + 2*j + 3 = -3. Suppose -2*y = -v - 53, -w*v = -7 - u. What is the tens digit of y?
2
What is the thousands digit of (-2 - (-200982)/30) + 7*22/(-385)?
6
Let y = -3286 + 4619. What is the tens digit of y?
3
What is the thousands digit of (72/(-9))/((-3)/(2909 + -2))?
7
Let h be 3964 + (-4 + 8 - (4 - 2)). Suppose -h - 454 = -17*t. What i